{"id":310,"date":"2024-11-08T10:36:18","date_gmt":"2024-11-08T09:36:18","guid":{"rendered":"https:\/\/www.qrsi.it\/?page_id=310"},"modified":"2025-02-24T10:04:15","modified_gmt":"2025-02-24T09:04:15","slug":"oggetti","status":"publish","type":"page","link":"https:\/\/www.qrsi.it\/?page_id=310","title":{"rendered":"Oggetti"},"content":{"rendered":"\t\t<div data-elementor-type=\"wp-page\" data-elementor-id=\"310\" class=\"elementor elementor-310\" data-elementor-post-type=\"page\">\n\t\t\t\t<div class=\"elementor-element elementor-element-febf84f e-flex e-con-boxed e-con e-parent\" data-id=\"febf84f\" data-element_type=\"container\" data-settings=\"{&quot;background_background&quot;:&quot;classic&quot;}\">\n\t\t\t\t\t<div class=\"e-con-inner\">\n\t\t<div class=\"elementor-element elementor-element-c8b02bb e-con-full e-flex e-con e-child\" data-id=\"c8b02bb\" data-element_type=\"container\">\n\t\t\t\t<div class=\"elementor-element elementor-element-e99ef9b elementor-widget elementor-widget-text-editor\" data-id=\"e99ef9b\" data-element_type=\"widget\" data-widget_type=\"text-editor.default\">\n\t\t\t\t<div class=\"elementor-widget-container\">\n\t\t\t\t\t\t\t\t\t<p>MARKETING ESPERIENZIALE \/ <strong><span style=\"color: #008000;\">OGGETTI<\/span><\/strong><\/p>\t\t\t\t\t\t\t\t<\/div>\n\t\t\t\t<\/div>\n\t\t\t\t<div class=\"elementor-element elementor-element-22ffe00 elementor-widget elementor-widget-heading\" data-id=\"22ffe00\" data-element_type=\"widget\" data-widget_type=\"heading.default\">\n\t\t\t\t<div class=\"elementor-widget-container\">\n\t\t\t\t\t<h1 class=\"elementor-heading-title elementor-size-default\">Oggetti<\/h1>\t\t\t\t<\/div>\n\t\t\t\t<\/div>\n\t\t\t\t<div class=\"elementor-element elementor-element-6d102f4 elementor-widget elementor-widget-heading\" data-id=\"6d102f4\" data-element_type=\"widget\" data-widget_type=\"heading.default\">\n\t\t\t\t<div class=\"elementor-widget-container\">\n\t\t\t\t\t<h4 class=\"elementor-heading-title elementor-size-default\">Gli Oggetti DSET Amplificano la Conoscenza e Valorizzano il Territorio, Trasformando Ogni Luogo in un Punto di Scoperta<\/h4>\t\t\t\t<\/div>\n\t\t\t\t<\/div>\n\t\t\t\t<div class=\"elementor-element elementor-element-e0b0755 elementor-widget elementor-widget-text-editor\" data-id=\"e0b0755\" data-element_type=\"widget\" data-widget_type=\"text-editor.default\">\n\t\t\t\t<div class=\"elementor-widget-container\">\n\t\t\t\t\t\t\t\t\t<p>Gli oggetti della linea DSET rappresentano un ponte tra cultura, storia e innovazione, offrendo un accesso esclusivo al patrimonio locale. Ogni oggetto, dotato di codice QR, diventa un simbolo di identit\u00e0, uno strumento interattivo che permette di scoprire storie, tradizioni e curiosit\u00e0 legate al territorio. Questi oggetti, pi\u00f9 che semplici souvenir, sono portatori di un valore culturale profondo, collegati a contenuti digitali esclusivi che arricchiscono l\u2019esperienza di ogni visitatore.<\/p>\t\t\t\t\t\t\t\t<\/div>\n\t\t\t\t<\/div>\n\t\t\t\t<div class=\"elementor-element elementor-element-b01da27 elementor-widget elementor-widget-button\" data-id=\"b01da27\" data-element_type=\"widget\" data-widget_type=\"button.default\">\n\t\t\t\t<div class=\"elementor-widget-container\">\n\t\t\t\t\t\t\t\t\t<div class=\"elementor-button-wrapper\">\n\t\t\t\t\t<a class=\"elementor-button elementor-button-link elementor-size-sm\" href=\"#\">\n\t\t\t\t\t\t<span class=\"elementor-button-content-wrapper\">\n\t\t\t\t\t\t\t\t\t<span class=\"elementor-button-text\">Esplora gli oggetti del territorio<\/span>\n\t\t\t\t\t<\/span>\n\t\t\t\t\t<\/a>\n\t\t\t\t<\/div>\n\t\t\t\t\t\t\t\t<\/div>\n\t\t\t\t<\/div>\n\t\t\t\t<\/div>\n\t\t<div class=\"elementor-element elementor-element-8331bfa e-con-full e-flex e-con e-child\" data-id=\"8331bfa\" data-element_type=\"container\">\n\t\t\t\t<div class=\"elementor-element elementor-element-912dd74 elementor-widget elementor-widget-image\" data-id=\"912dd74\" data-element_type=\"widget\" data-widget_type=\"image.default\">\n\t\t\t\t<div class=\"elementor-widget-container\">\n\t\t\t\t\t\t\t\t\t\t\t\t\t\t\t<img fetchpriority=\"high\" decoding=\"async\" width=\"1000\" height=\"600\" src=\"https:\/\/www.qrsi.it\/wp-content\/uploads\/2024\/11\/cubo-unicosi-1.png\" class=\"attachment-full size-full wp-image-758\" alt=\"\" srcset=\"https:\/\/www.qrsi.it\/wp-content\/uploads\/2024\/11\/cubo-unicosi-1.png 1000w, https:\/\/www.qrsi.it\/wp-content\/uploads\/2024\/11\/cubo-unicosi-1-300x180.png 300w, https:\/\/www.qrsi.it\/wp-content\/uploads\/2024\/11\/cubo-unicosi-1-768x461.png 768w\" sizes=\"(max-width: 1000px) 100vw, 1000px\" \/>\t\t\t\t\t\t\t\t\t\t\t\t\t\t\t<\/div>\n\t\t\t\t<\/div>\n\t\t\t\t<\/div>\n\t\t\t\t\t<\/div>\n\t\t\t\t<\/div>\n\t\t<div class=\"elementor-element elementor-element-c600de2 e-flex e-con-boxed e-con e-parent\" data-id=\"c600de2\" data-element_type=\"container\">\n\t\t\t\t\t<div class=\"e-con-inner\">\n\t\t\t\t<div class=\"elementor-element elementor-element-21e0674 elementor-widget__width-inherit elementor-invisible elementor-widget elementor-widget-heading\" data-id=\"21e0674\" data-element_type=\"widget\" data-settings=\"{&quot;_animation&quot;:&quot;fadeIn&quot;}\" data-widget_type=\"heading.default\">\n\t\t\t\t<div class=\"elementor-widget-container\">\n\t\t\t\t\t<h3 class=\"elementor-heading-title elementor-size-default\">Oggetti come Amplificatori di Conoscenza<\/h3>\t\t\t\t<\/div>\n\t\t\t\t<\/div>\n\t\t\t\t<div class=\"elementor-element elementor-element-30d5fba elementor-widget elementor-widget-text-editor\" data-id=\"30d5fba\" data-element_type=\"widget\" data-widget_type=\"text-editor.default\">\n\t\t\t\t<div class=\"elementor-widget-container\">\n\t\t\t\t\t\t\t\t\t<p>Gli oggetti interattivi DSET sono posizionati nei punti chiave del territorio e invitano i visitatori a esplorare e conoscere storie e tradizioni. Grazie a tecnologie avanzate, ogni oggetto si trasforma in un veicolo di conoscenza che connette fisico e digitale, permettendo di accedere a contenuti esclusivi e coinvolgenti.<\/p>\t\t\t\t\t\t\t\t<\/div>\n\t\t\t\t<\/div>\n\t\t\t\t\t<\/div>\n\t\t\t\t<\/div>\n\t\t<div class=\"elementor-element elementor-element-3114c99 e-flex e-con-boxed e-con e-parent\" data-id=\"3114c99\" data-element_type=\"container\" data-settings=\"{&quot;background_background&quot;:&quot;classic&quot;}\">\n\t\t\t\t\t<div class=\"e-con-inner\">\n\t\t<div class=\"elementor-element elementor-element-2b1cff9 e-con-full e-flex e-con e-child\" data-id=\"2b1cff9\" data-element_type=\"container\">\n\t\t\t\t<div class=\"elementor-element elementor-element-f16eddd elementor-widget elementor-widget-heading\" data-id=\"f16eddd\" data-element_type=\"widget\" data-widget_type=\"heading.default\">\n\t\t\t\t<div class=\"elementor-widget-container\">\n\t\t\t\t\t<h2 class=\"elementor-heading-title elementor-size-default\">Elementi Interattivi del Territorio<\/h2>\t\t\t\t<\/div>\n\t\t\t\t<\/div>\n\t\t\t\t<div class=\"elementor-element elementor-element-615ba37 elementor-widget elementor-widget-heading\" data-id=\"615ba37\" data-element_type=\"widget\" data-widget_type=\"heading.default\">\n\t\t\t\t<div class=\"elementor-widget-container\">\n\t\t\t\t\t<h5 class=\"elementor-heading-title elementor-size-default\">Esplora il territorio attraverso oggetti interattivi che uniscono storia e tecnologia. Ogni elemento \u00e8 progettato per offrire una scoperta multisensoriale: dal QR code che svela dettagli storici a mappe digitali che guidano percorsi tematici. Vivi un\u2019esperienza immersiva che connette passato e presente, trasformando la visita in un viaggio unico nel cuore della Magna Grecia.<\/h5>\t\t\t\t<\/div>\n\t\t\t\t<\/div>\n\t\t\t\t<\/div>\n\t\t<div class=\"elementor-element elementor-element-c8cae0b e-con-full elementor-hidden-desktop elementor-hidden-tablet elementor-hidden-mobile e-flex e-con e-child\" data-id=\"c8cae0b\" data-element_type=\"container\">\n\t\t\t\t<div class=\"elementor-element elementor-element-8e7d3e4 elementor-widget-tablet__width-initial elementor-widget-mobile__width-inherit elementor-widget__width-initial elementor-position-top elementor-widget elementor-widget-image-box\" data-id=\"8e7d3e4\" data-element_type=\"widget\" data-widget_type=\"image-box.default\">\n\t\t\t\t<div class=\"elementor-widget-container\">\n\t\t\t\t\t<div class=\"elementor-image-box-wrapper\"><figure class=\"elementor-image-box-img\"><a href=\"https:\/\/library.elementor.com\/local-services-wireframe-1-flexbox\/services\/#service_1\" tabindex=\"-1\"><img decoding=\"async\" width=\"1000\" height=\"600\" src=\"https:\/\/www.qrsi.it\/wp-content\/uploads\/2024\/11\/cubo-unicosi-1.png\" class=\"elementor-animation-grow attachment-full size-full wp-image-758\" alt=\"\" srcset=\"https:\/\/www.qrsi.it\/wp-content\/uploads\/2024\/11\/cubo-unicosi-1.png 1000w, https:\/\/www.qrsi.it\/wp-content\/uploads\/2024\/11\/cubo-unicosi-1-300x180.png 300w, https:\/\/www.qrsi.it\/wp-content\/uploads\/2024\/11\/cubo-unicosi-1-768x461.png 768w\" sizes=\"(max-width: 1000px) 100vw, 1000px\" \/><\/a><\/figure><div class=\"elementor-image-box-content\"><h4 class=\"elementor-image-box-title\"><a href=\"https:\/\/library.elementor.com\/local-services-wireframe-1-flexbox\/services\/#service_1\">Cubo<\/a><\/h4><p class=\"elementor-image-box-description\">Un oggetto interattivo dotato di QR code che rivela storie e curiosit\u00e0 legate a figure storiche o eventi importanti del territorio.<\/p><\/div><\/div>\t\t\t\t<\/div>\n\t\t\t\t<\/div>\n\t\t\t\t<div class=\"elementor-element elementor-element-191784b elementor-widget-tablet__width-initial elementor-widget-mobile__width-inherit elementor-widget__width-initial elementor-position-top elementor-widget elementor-widget-image-box\" data-id=\"191784b\" data-element_type=\"widget\" data-widget_type=\"image-box.default\">\n\t\t\t\t<div class=\"elementor-widget-container\">\n\t\t\t\t\t<div class=\"elementor-image-box-wrapper\"><figure class=\"elementor-image-box-img\"><a href=\"https:\/\/library.elementor.com\/local-services-wireframe-1-flexbox\/services\/#service_2\" tabindex=\"-1\"><img decoding=\"async\" width=\"683\" height=\"600\" src=\"https:\/\/www.qrsi.it\/wp-content\/uploads\/2024\/11\/Image_Placeholder-13122021.jpeg\" class=\"elementor-animation-grow attachment-full size-full wp-image-338\" alt=\"\" srcset=\"https:\/\/www.qrsi.it\/wp-content\/uploads\/2024\/11\/Image_Placeholder-13122021.jpeg 683w, https:\/\/www.qrsi.it\/wp-content\/uploads\/2024\/11\/Image_Placeholder-13122021-300x264.jpeg 300w\" sizes=\"(max-width: 683px) 100vw, 683px\" \/><\/a><\/figure><div class=\"elementor-image-box-content\"><h4 class=\"elementor-image-box-title\"><a href=\"https:\/\/library.elementor.com\/local-services-wireframe-1-flexbox\/services\/#service_2\">Mappe del Territorio<\/a><\/h4><p class=\"elementor-image-box-description\">Mappe dettagliate che guidano attraverso percorsi storici e culturali, offrendo un\u2019esperienza immersiva in luoghi simbolo e itinerari tematici.<\/p><\/div><\/div>\t\t\t\t<\/div>\n\t\t\t\t<\/div>\n\t\t\t\t<div class=\"elementor-element elementor-element-2c15c17 elementor-widget-tablet__width-initial elementor-widget-mobile__width-inherit elementor-widget__width-initial elementor-position-top elementor-widget elementor-widget-image-box\" data-id=\"2c15c17\" data-element_type=\"widget\" data-widget_type=\"image-box.default\">\n\t\t\t\t<div class=\"elementor-widget-container\">\n\t\t\t\t\t<div class=\"elementor-image-box-wrapper\"><figure class=\"elementor-image-box-img\"><a href=\"https:\/\/library.elementor.com\/local-services-wireframe-1-flexbox\/services\/#service_3\" tabindex=\"-1\"><img decoding=\"async\" width=\"683\" height=\"600\" src=\"https:\/\/www.qrsi.it\/wp-content\/uploads\/2024\/11\/Image_Placeholder-13122021.jpeg\" class=\"elementor-animation-grow attachment-full size-full wp-image-338\" alt=\"\" srcset=\"https:\/\/www.qrsi.it\/wp-content\/uploads\/2024\/11\/Image_Placeholder-13122021.jpeg 683w, https:\/\/www.qrsi.it\/wp-content\/uploads\/2024\/11\/Image_Placeholder-13122021-300x264.jpeg 300w\" sizes=\"(max-width: 683px) 100vw, 683px\" \/><\/a><\/figure><div class=\"elementor-image-box-content\"><h4 class=\"elementor-image-box-title\"><a href=\"https:\/\/library.elementor.com\/local-services-wireframe-1-flexbox\/services\/#service_3\">Cartoline<\/a><\/h4><p class=\"elementor-image-box-description\">Un ricordo tangibile del territorio, collegato digitalmente a contenuti esclusivi. Ogni cartolina \u00e8 un invito a esplorare storie e tradizioni locali.<\/p><\/div><\/div>\t\t\t\t<\/div>\n\t\t\t\t<\/div>\n\t\t\t\t<\/div>\n\t\t<div class=\"elementor-element elementor-element-a27b0c7 e-con-full e-flex e-con e-child\" data-id=\"a27b0c7\" data-element_type=\"container\">\n\t\t<div class=\"elementor-element elementor-element-a4992be e-con-full e-flex e-con e-child\" data-id=\"a4992be\" data-element_type=\"container\">\n\t\t\t\t<div class=\"elementor-element elementor-element-7db020f elementor-widget elementor-widget-heading\" data-id=\"7db020f\" data-element_type=\"widget\" data-widget_type=\"heading.default\">\n\t\t\t\t<div class=\"elementor-widget-container\">\n\t\t\t\t\t<h4 class=\"elementor-heading-title elementor-size-default\">Cubo<\/h4>\t\t\t\t<\/div>\n\t\t\t\t<\/div>\n\t\t\t\t<div class=\"elementor-element elementor-element-c86ebc2 elementor-widget elementor-widget-text-editor\" data-id=\"c86ebc2\" data-element_type=\"widget\" data-widget_type=\"text-editor.default\">\n\t\t\t\t<div class=\"elementor-widget-container\">\n\t\t\t\t\t\t\t\t\t<p>Un oggetto interattivo dotato di QR code che rivela storie e curiosit\u00e0 legate a figure storiche o eventi importanti del territorio.<\/p>\t\t\t\t\t\t\t\t<\/div>\n\t\t\t\t<\/div>\n\t\t\t\t<\/div>\n\t\t<div class=\"elementor-element elementor-element-9feecc5 e-con-full e-flex e-con e-child\" data-id=\"9feecc5\" data-element_type=\"container\">\n\t\t\t\t<div class=\"elementor-element elementor-element-8f3b77b elementor-widget elementor-widget-heading\" data-id=\"8f3b77b\" data-element_type=\"widget\" data-widget_type=\"heading.default\">\n\t\t\t\t<div class=\"elementor-widget-container\">\n\t\t\t\t\t<h4 class=\"elementor-heading-title elementor-size-default\">Mappe del Territorio<\/h4>\t\t\t\t<\/div>\n\t\t\t\t<\/div>\n\t\t\t\t<div class=\"elementor-element elementor-element-0354d02 elementor-widget elementor-widget-text-editor\" data-id=\"0354d02\" data-element_type=\"widget\" data-widget_type=\"text-editor.default\">\n\t\t\t\t<div class=\"elementor-widget-container\">\n\t\t\t\t\t\t\t\t\t<p>Mappe dettagliate che guidano attraverso percorsi storici e culturali, offrendo un\u2019esperienza immersiva in luoghi simbolo e itinerari tematici.<\/p>\t\t\t\t\t\t\t\t<\/div>\n\t\t\t\t<\/div>\n\t\t\t\t<\/div>\n\t\t<div class=\"elementor-element elementor-element-a13e1c5 e-con-full e-flex e-con e-child\" data-id=\"a13e1c5\" data-element_type=\"container\">\n\t\t\t\t<div class=\"elementor-element elementor-element-fbe958b elementor-widget elementor-widget-heading\" data-id=\"fbe958b\" data-element_type=\"widget\" data-widget_type=\"heading.default\">\n\t\t\t\t<div class=\"elementor-widget-container\">\n\t\t\t\t\t<h4 class=\"elementor-heading-title elementor-size-default\">Cartoline<\/h4>\t\t\t\t<\/div>\n\t\t\t\t<\/div>\n\t\t\t\t<div class=\"elementor-element elementor-element-86e7d5b elementor-widget elementor-widget-text-editor\" data-id=\"86e7d5b\" data-element_type=\"widget\" data-widget_type=\"text-editor.default\">\n\t\t\t\t<div class=\"elementor-widget-container\">\n\t\t\t\t\t\t\t\t\t<p>Un ricordo tangibile del territorio, collegato digitalmente a contenuti esclusivi. Ogni cartolina \u00e8 un invito a esplorare storie e tradizioni locali.<\/p>\t\t\t\t\t\t\t\t<\/div>\n\t\t\t\t<\/div>\n\t\t\t\t<\/div>\n\t\t\t\t<\/div>\n\t\t\t\t\t<\/div>\n\t\t\t\t<\/div>\n\t\t<div class=\"elementor-element elementor-element-d6a1751 e-flex e-con-boxed e-con e-parent\" data-id=\"d6a1751\" data-element_type=\"container\" data-settings=\"{&quot;background_background&quot;:&quot;classic&quot;}\">\n\t\t\t\t\t<div class=\"e-con-inner\">\n\t\t\t\t<div class=\"elementor-element elementor-element-4cab2dd elementor-widget elementor-widget-heading\" data-id=\"4cab2dd\" data-element_type=\"widget\" data-widget_type=\"heading.default\">\n\t\t\t\t<div class=\"elementor-widget-container\">\n\t\t\t\t\t<h2 class=\"elementor-heading-title elementor-size-default\">Scopri gli oggetti<\/h2>\t\t\t\t<\/div>\n\t\t\t\t<\/div>\n\t\t\t\t<div class=\"elementor-element elementor-element-a8d7946 elementor-widget elementor-widget-heading\" data-id=\"a8d7946\" data-element_type=\"widget\" data-widget_type=\"heading.default\">\n\t\t\t\t<div class=\"elementor-widget-container\">\n\t\t\t\t\t<h1 class=\"elementor-heading-title elementor-size-default\">Coomong Soon<\/h1>\t\t\t\t<\/div>\n\t\t\t\t<\/div>\n\t\t\t\t<div class=\"elementor-element elementor-element-bdcc7ff elementor-widget elementor-widget-text-editor\" data-id=\"bdcc7ff\" data-element_type=\"widget\" data-widget_type=\"text-editor.default\">\n\t\t\t\t<div class=\"elementor-widget-container\">\n\t\t\t\t\t\t\t\t\t<p>Ogni oggetto DSET \u00e8 una porta d\u2019accesso verso un\u2019esperienza unica. Stiamo collaborando con nuovi partner per arricchire l\u2019offerta e darti l\u2019opportunit\u00e0 di esplorare altre storie e luoghi. Tieni d&#8217;occhio questa sezione per le prossime novit\u00e0 e scopri come il nostro patrimonio culturale pu\u00f2 prendere vita grazie alla tecnologia.<\/p>\t\t\t\t\t\t\t\t<\/div>\n\t\t\t\t<\/div>\n\t\t\t\t<div class=\"elementor-element elementor-element-f32a0c1 elementor-align-center elementor-widget elementor-widget-button\" data-id=\"f32a0c1\" data-element_type=\"widget\" data-widget_type=\"button.default\">\n\t\t\t\t<div class=\"elementor-widget-container\">\n\t\t\t\t\t\t\t\t\t<div class=\"elementor-button-wrapper\">\n\t\t\t\t\t<a class=\"elementor-button elementor-button-link elementor-size-sm\" href=\"#contatti\">\n\t\t\t\t\t\t<span class=\"elementor-button-content-wrapper\">\n\t\t\t\t\t\t\t\t\t<span class=\"elementor-button-text\">Contattaci<\/span>\n\t\t\t\t\t<\/span>\n\t\t\t\t\t<\/a>\n\t\t\t\t<\/div>\n\t\t\t\t\t\t\t\t<\/div>\n\t\t\t\t<\/div>\n\t\t\t\t\t<\/div>\n\t\t\t\t<\/div>\n\t\t\t\t<\/div>\n\t\t","protected":false},"excerpt":{"rendered":"<p>MARKETING ESPERIENZIALE \/ OGGETTI Oggetti Gli Oggetti DSET Amplificano la Conoscenza e Valorizzano il Territorio, Trasformando Ogni Luogo in un Punto di Scoperta Gli oggetti della linea DSET rappresentano un ponte tra cultura, storia e innovazione, offrendo un accesso esclusivo al patrimonio locale. Ogni oggetto, dotato di codice QR, diventa un simbolo di identit\u00e0, uno [&hellip;]<\/p>\n","protected":false},"author":1,"featured_media":0,"parent":0,"menu_order":0,"comment_status":"closed","ping_status":"closed","template":"","meta":{"inline_featured_image":false,"footnotes":""},"class_list":["post-310","page","type-page","status-publish","hentry"],"_links":{"self":[{"href":"https:\/\/www.qrsi.it\/index.php?rest_route=\/wp\/v2\/pages\/310","targetHints":{"allow":["GET"]}}],"collection":[{"href":"https:\/\/www.qrsi.it\/index.php?rest_route=\/wp\/v2\/pages"}],"about":[{"href":"https:\/\/www.qrsi.it\/index.php?rest_route=\/wp\/v2\/types\/page"}],"author":[{"embeddable":true,"href":"https:\/\/www.qrsi.it\/index.php?rest_route=\/wp\/v2\/users\/1"}],"replies":[{"embeddable":true,"href":"https:\/\/www.qrsi.it\/index.php?rest_route=%2Fwp%2Fv2%2Fcomments&post=310"}],"version-history":[{"count":14,"href":"https:\/\/www.qrsi.it\/index.php?rest_route=\/wp\/v2\/pages\/310\/revisions"}],"predecessor-version":[{"id":797,"href":"https:\/\/www.qrsi.it\/index.php?rest_route=\/wp\/v2\/pages\/310\/revisions\/797"}],"wp:attachment":[{"href":"https:\/\/www.qrsi.it\/index.php?rest_route=%2Fwp%2Fv2%2Fmedia&parent=310"}],"curies":[{"name":"wp","href":"https:\/\/api.w.org\/{rel}","templated":true}]}}